 16 = -2*u. Let q = g - -4. What is the units digit of q?
8
Let a(n) = -n**2 + 22*n - 40. What is the tens digit of a(14)?
7
Suppose -5*i + 7 = -3. What is the units digit of -1 + 9 - i - -3?
9
What is the tens digit of (-2)/((-4)/6) - (-80 - -2)?
8
Let v = 1 - -7. Suppose -v = -r - 4*x + 5, -3*x + 10 = r. What is the units digit of r?
1
Let r(j) = j**3 - 7*j**2 - 5*j - 8. Let s be r(8). Suppose 3*g = -f + 31, -g + 4*f = g - s. What is the tens digit of g?
1
Suppose 3*q = 22 + 5. Suppose 0 = -3*l - q, 3*a + 4*l - 36 = 2*l. What is the units digit of (a + 2)*(-2)/(-4)?
8
Let a = 704 + -427. What is the tens digit of a?
7
Let s = 20 - -55. What is the tens digit of s?
7
Suppose t + 0*t - 3 = 0. Suppose t*r - 1 = 2. What is the units digit of r?
1
What is the units digit of -1*(4 + 26/(-6))*153?
1
Let v(n) = n**3 + 6*n**2 + 5*n - 2. Let h be v(-5). Let a be (h/6)/(1/(-12)). What is the units digit of (-10)/a*(1 - 3)?
5
Suppose -4*d - 134 = -2*f, 61 = f - d - 1. What is the tens digit of f?
5
Suppose -2*y + 0*y = -18. What is the units digit of ((-6)/4)/(y/(-30))?
5
Let m be (2/6)/(1/6). Suppose -2*t = 4*l, t - m = -l - 0*t. Let o = l - -3. What is the units digit of o?
1
Let j be -1 - -4*(-1 - -3). Let g = 13 - j. What is the units digit of g?
6
Suppose -21 = -4*h + 4*y + y, -2*h + y = -15. Suppose 5*z = h + 1. What is the units digit of z?
2
Let d = 4 + 0. Let h(a) = -a**2 + 3*a**2 + 6 + d*a - 3*a**2. What is the units digit of h(5)?
1
Suppose -2*x + g - 2 = 0, g = -3*x + 6*g - 10. Suppose -w + 5 - 1 = x. What is the units digit of w?
4
Suppose h - 6 = -2*h, -4*l + 2*h = -168. What is the units digit of l?
3
Let u(o) = -6*o - 12. What is the units digit of u(-5)?
8
Let q be 3/1 + (-12)/6. Let u be q/(-1) - (4 - 2). Let r(z) = -z**3 - 2*z**2 + 1. What is the units digit of r(u)?
0
Suppose -v - 5 = -42. What is the tens digit of v?
3
Let i(g) = -g**3 - 5*g**2 + 6*g + 2. Let a be i(-6). Let m(b) be the first derivative of b**4/2 - 2*b**3/3 + b - 7. What is the units digit of m(a)?
9
Let x = -86 - -162. What is the tens digit of x?
7
Let c be ((-7)/14)/((-1)/6). Let t = 6 + -6. Suppose 0 = c*u - 5*h - 4, t = -3*h + 2*h + 1. What is the units digit of u?
3
Let c = -4 - -7. Let p = c - 1. Let r = 4 - p. What is the units digit of r?
2
Let i = 98 + -52. Let p = -32 + i. What is the units digit of p?
4
Let r(q) = -2*q + 0*q**2 + 1 + q**2 - 2*q**2. Let p be r(-2). What is the units digit of 4 + 0 - (p - 0)?
3
Suppose 4*q = -m + 434, 2*m + 331 = 5*q - 2*q. What is the hundreds digit of q?
1
What is the units digit of (-109)/(-4) + (0 - (-1)/(-4))?
7
Let n(l) = 5*l**2 - 6*l. Let s be n(4). What is the units digit of (1/(-2))/((-1)/s)?
8
Let c = -6 - -4. Let u = c - -3. Let y = 0 + u. What is the units digit of y?
1
Let i = -1 + 1. Suppose -h + 3*u + 11 = i, u + 17 = -0*h + 2*h. What is the units digit of h?
8
Let h = -140 + 262. What is the tens digit of h?
2
Let a = -8 + 5. Let y = -2 - a. What is the units digit of y?
1
Let v = 26 + -36. Suppose -7 = 5*q + 3*m + 28, -3*q = m + 17. What is the units digit of v/(q + 6/3)?
5
Let d(i) be the third derivative of i**6/120 - i**5/20 + i**4/12 + 5*i**3/6 - 4*i**2. What is the units digit of d(4)?
9
Suppose 19 - 5 = 2*j. Let f be 3*2/(-3)*-1. Let l = f + j. What is the units digit of l?
9
Let o be (1 - 3)/(2/5). Let k = o - -2. What is the units digit of 16/6 - (-2)/k?
2
Let h(r) = r**3 + 12*r**2 - 13*r - 38. What is the units digit of h(-12)?
8
Let i(u) = -u + 24 + 4*u**2 - 10*u**2 + 5*u**2. What is the tens digit of i(0)?
2
Suppose -2*w - 3*d + 46 = -6*d, -2*w = -4*d - 46. What is the tens digit of w?
2
Suppose -3*o - 3*o = -294. What is the units digit of o?
9
Suppose -3*c + 6*p = 2*p + 6, -2*c - 8 = -4*p. Suppose 4*b - c - 2 = -4*w, -5*b = -w + 19. What is the units digit of w?
4
Let u be 0 + -2 - 0/1. Let z be 3/((-9)/(-15)) + u. Suppose 35 = 2*b + z*b. What is the units digit of b?
7
Let i(l) = -l + 47. What is the tens digit of i(0)?
4
Suppose -11*d + 15*d - 112 = 0. What is the tens digit of d?
2
Let n(q) = -q**2 + 10*q + 14. Let y(j) = j**2 + j - 2. Let l be y(3). What is the units digit of n(l)?
4
What is the hundreds digit of (1 - (-33)/(-9))*15*-4?
1
Suppose 2*x + 1 = -1. Let y be 15 + x + 0 + 1. Suppose f = 2*f - y. What is the tens digit of f?
1
Suppose 4*u = 3*g + 103, 5*u + 0*u - 3*g = 125. Suppose -2*t + 3*h - 2*h + 7 = 0, -3*t - u = 5*h. What is the units digit of (t - -6 - 1) + 1?
7
Suppose -3*t + 0*k = -2*k - 15, -k + 3 = 2*t. Suppose t*u + 3*r + 54 + 24 = 0, -u + 5*r = 2. What is the units digit of -2 - u*(-1)/(-2)?
9
Let w(j) = j**3 + 9*j**2 - j + 4. Let o be (-6)/24 - (-35)/(-4). What is the units digit of w(o)?
3
Suppose 3*v + 23 + 19 = 0. Let g be (v + -2)*-1 - -2. Suppose -j - 2*t = j - g, j + 4*t - 15 = 0. What is the units digit of j?
7
Suppose 11 = -l - 30. Let y = 65 + l. What is the units digit of y/3 - (-4)/2?
0
Let u(h) = 8*h + 6. What is the units digit of u(4)?
8
Let b(v) = v**2 + 13*v + 76. What is the tens digit of b(-21)?
4
Let m = -104 - -230. What is the tens digit of m?
2
Suppose -4*b + 15 = -b. Suppose l - b*l + 36 = 0. What is the units digit of l?
9
Let p = -2 + 46. What is the units digit of p?
4
Suppose 2 = 4*f + 2*l - 0*l, 5*l = -2*f + 21. Let p = -2 - f. Suppose 2*m - 10 + 2 = p. What is the units digit of m?
4
Suppose -5*w + 2*l + 875 = 0, -5*w + 3*l + 547 + 323 = 0. What is the units digit of w?
7
Let l(y) = -y**2 + 5*y + 8. What is the units digit of l(0)?
8
Let d(l) = -7*l**2 - 3 - l**3 + 2*l**2 + 2*l**2. Suppose 0 = 5*w - 3*w + 8. What is the units digit of d(w)?
3
Suppose -3*k + 0*g + 9 = g, -2*k - 2*g + 6 = 0. Suppose -k*n - 3 = 2*s - 32, 3 = 3*s. What is the units digit of n?
9
Suppose 6*h + 242 = 8*h. What is the units digit of h?
1
Suppose -2*w + 17 + 15 = 0. Suppose 3*i + 0*i = 0, i - w = -4*k. Suppose -k*u + 100 - 20 = 0. What is the tens digit of u?
2
Suppose -u - 14 = -5*p, 0*u - 4*u = 4*p + 80. Let h = u + 35. What is the units digit of h?
6
Let z = -49 - -94. What is the units digit of z?
5
Let r(o) be the second derivative of o**5/20 - o**4/2 - o**3/2 + 3*o**2 + 5*o. What is the units digit of r(7)?
4
Let x(t) = t**3 + 3*t**2 - 2*t. Let f be x(-4). What is the units digit of f/(-20) - (-76)/10?
8
Suppose 3*l - 102 = -3*q, q + 3*l - 32 = -0*l. What is the tens digit of q?
3
Let o = 70 + -39. What is the units digit of o?
1
What is the tens digit of (-340)/(-6) - 2 - (-10)/(-15)?
5
Let i(r) = r**3 + 7*r**2 + 4*r - 4. What is the tens digit of i(-5)?
2
Let t = -2 - -2. Suppose t*v - 3*v = 9. Let d = 8 + v. What is the units digit of d?
5
Suppose -12*v + 7*v = -160. What is the units digit of v?
2
Let y(p) = p**2 + 5*p + 9. What is the units digit of y(-8)?
3
Let a be 4/(-10) + 54/10. Suppose 3*r - a*c - 49 = 0, 0 = r + 2*c + 2 - 0. What is the units digit of r?
8
Let s = 32 + -33. Let u(a) = -4*a**3 - a - 7*a**3 + 0*a**3. What is the units digit of u(s)?
2
Let n(t) = -t**3 - 7*t**2 + 9*t + 10. Let h be n(-8). Suppose h*o + 30 = -2*s - 2*s, o - s = -18. Let b = -8 - o. What is the units digit of b?
9
Suppose -3*y + 18 = 3. Suppose 0 = -y*d - 3*w + 16, -w + 3 = 1. What is the units digit of (0 - -2)/d + 5?
6
Let q be 6*(1 - 8/4). Let x = q - -25. What is the tens digit of x?
1
Suppose 0 = 5*f - 2*f - 36. What is the tens digit of f?
1
Suppose -3*s + 112 = s. What is the tens digit of s?
2
Suppose -5*b = -2*d - 275, 2*d = 3*b - 205 + 36. Suppose 3*n - b - 28 = 0. What is the tens digit of n?
2
Let p = 110 - -4. What is the units digit of p?
4
Let j(n) = n**3 + 4*n**2 - 3*n - 2. What is the units digit of j(-4)?
0
Let u(j) = j**3 - 2*j**2 + 2*j - 1. Let m be u(1). Suppose -5*g = -5*x + 85, -x + 3*g = -m*g - 25. What is the tens digit of x?
1
Let f(z) = -z**3 + 8*z**2 - 4*z + 7. What is the tens digit of f(7)?
2
Suppose 28 = p - 30. What is the units digit of p?
8
Let l be (2/5)/((-1)/40). Let d be (l/(-6))/(2/3). Suppose -d*n + 4*j + 56 = 0, 0*n = 2*n - j - 33. What is the units digit of n?
9
Let z(s) = 4*s**2 + 5*s - 2. Suppose 2 = 2*n - 0*n. Let h(f) = -f**2 - f. Let i(l) = n*z(l) + 3*h(l). What is the units digit of i(2)?
6
Let g be ((-5)/10)/(2/(-8)). Suppose g*f + 3*a + 11 = 2, -2 = f + a. What is the units digit of f?
3
Let o(l) be the second de